2625.
3, 5, 13, 53, 103
What are the prime factors of 111790?
2, 5, 7, 1597
List the prime factors of 1817167.
11, 233, 709
What are the prime factors of 1763931?
3, 13, 31, 1459
What are the prime factors of 2238516?
2, 3, 7, 47
What are the prime factors of 22011088?
2, 11, 125063
What are the prime factors of 12836723?
19, 675617
What are the prime factors of 81482?
2, 131, 311
What are the prime factors of 2397912?
2, 3, 11, 31, 293
What are the prime factors of 198546?
2, 3, 33091
List the prime factors of 2332539.
3, 11, 23561
List the prime factors of 163014.
2, 3, 101, 269
List the prime factors of 8535081.
3, 79, 36013
List the prime factors of 416375.
5, 3331
List the prime factors of 1673333.
41, 40813
What are the prime factors of 43959258?
2, 3, 7, 348883
List the prime factors of 9621188.
2, 2405297
What are the prime factors of 1633199?
617, 2647
What are the prime factors of 464037?
3, 7, 19, 1163
What are the prime factors of 71565?
3, 5, 13, 367
List the prime factors of 9966022.
2, 11, 139, 3259
What are the prime factors of 232502?
2, 101, 1151
List the prime factors of 965758.
2, 29, 16651
What are the prime factors of 1075818?
2, 3, 19, 9437
List the prime factors of 218074.
2, 109037
What are the prime factors of 2176403?
41, 109, 487
What are the prime factors of 5197628?
2, 277, 4691
List the prime factors of 7453123.
17, 438419
List the prime factors of 17224232.
2, 607, 3547
List the prime factors of 1829937.
3, 609979
List the prime factors of 13692508.
2, 1709, 2003
List the prime factors of 47887.
7, 6841
List the prime factors of 1565848.
2, 195731
List the prime factors of 628707.
3, 209569
What are the prime factors of 11217007?
11217007
List the prime factors of 109812.
2, 3, 9151
List the prime factors of 1461896.
2, 41, 4457
What are the prime factors of 790203?
3, 263401
List the prime factors of 338464.
2, 7, 1511
List the prime factors of 1002178.
2, 501089
What are the prime factors of 4124427?
3, 37, 73, 509
List the prime factors of 492033.
3, 164011
List the prime factors of 153169.
89, 1721
What are the prime factors of 465962?
2, 7, 83, 401
List the prime factors of 16543286.
2, 8271643
What are the prime factors of 842255?
5, 168451
What are the prime factors of 67367?
23, 29, 101
List the prime factors of 2775989.
2775989
List the prime factors of 17710.
2, 5, 7, 11, 23
List the prime factors of 247175.
5, 9887
List the prime factors of 17056476.
2, 3, 101, 4691
List the prime factors of 8866713.
3, 31, 67, 1423
What are the prime factors of 194951?
137, 1423
List the prime factors of 4755250.
2, 5, 23, 827
List the prime factors of 1033951.
1033951
List the prime factors of 2801925.
3, 5, 7, 593
What are the prime factors of 768609?
3, 3163
What are the prime factors of 4495297?
4495297
List the prime factors of 385496.
2, 48187
What are the prime factors of 827542?
2, 37, 53, 211
What are the prime factors of 4866201?
3, 540689
List the prime factors of 346173.
3, 23, 29, 173
What are the prime factors of 2607459?
3, 869153
What are the prime factors of 1055609?
1055609
What are the prime factors of 63008?
2, 11, 179
List the prime factors of 8978270.
2, 5, 7, 73, 251
What are the prime factors of 1268426?
2, 199, 3187
List the prime factors of 3349199.
7, 68351
What are the prime factors of 113738?
2, 29, 37, 53
What are the prime factors of 21827?
13, 23, 73
List the prime factors of 18582.
2, 3, 19, 163
What are the prime factors of 30870?
2, 3, 5, 7
List the prime factors of 313111.
353, 887
List the prime factors of 24230674.
2, 13, 931949
List the prime factors of 4185319.
43, 131, 743
What are the prime factors of 396260?
2, 5, 19813
What are the prime factors of 9757339?
9757339
What are the prime factors of 321068?
2, 11, 7297
What are the prime factors of 91398?
2, 3, 15233
List the prime factors of 87160.
2, 5, 2179
What are the prime factors of 1774013?
23, 137, 563
What are the prime factors of 369746?
2, 13, 14221
What are the prime factors of 2864201?
2864201
List the prime factors of 115683.
3, 38561
What are the prime factors of 24512600?
2, 5, 7, 17509
What are the prime factors of 150391?
59, 2549
What are the prime factors of 12610210?
2, 5, 23, 109, 503
List the prime factors of 432076.
2, 109, 991
What are the prime factors of 3240927?
3, 41, 8783
List the prime factors of 18234.
2, 3, 1013
What are the prime factors of 154377?
3, 17, 1009
List the prime factors of 36185.
5, 7237
What are the prime factors of 9948046?
2, 4974023
List the prime factors of 72421.
72421
List the prime factors of 1732145.
5, 346429
List the prime factors of 151976.
2, 11, 157
List the prime factors of 207871.
97, 2143
What are the prime factors of 566470?
2, 5, 37, 1531
List the prime factors of 515905.
5, 13, 7937
List the prime factors of 290515.
5, 97, 599
What are the prime factors of 2385330?
2, 3, 5, 23, 3457
What are the prime factors of 278522?
2, 47, 2963
List the prime factors of 366060.
2, 3, 5, 6101
List the prime factors of 2764936.
2, 37, 9341
What are the prime factors of 1017010?
2, 5, 101701
What are the prime factors of 582458?
2, 181, 1609
List the prime factors of 873586.
2, 7, 23, 2713
List the prime factors of 12207.
3, 13, 313
List the prime factors of 196660.
2, 5, 9833
What are the prime factors of 328767?
3, 109589
List the prime factors of 6707281.
7, 958183
List the prime factors of 3139651.
3139651
List the prime factors of 275988.
2, 3, 109, 211
List the prime factors of 6033883.
6033883
List the prime factors of 3838460.
2, 5, 281, 683
What are the prime factors of 478421?
478421
List the prime factors of 629241.
3, 137, 1531
List the prime factors of 1537041.
3, 11, 47, 991
What are the prime factors of 1215006?
2, 3, 13, 37, 421
What are the prime factors of 619868?
2, 353, 439
List the prime factors of 38077147.
479, 79493
List the prime factors of 4574642.
2, 53, 103, 419
List the prime factors of 931811.
931811
What are the prime factors of 2187061?
2187061
List the prime factors of 3653781.
3, 1217927
List the prime factors of 243900.
2, 3, 5, 271
List the prime factors of 9395798.
2, 17, 276347
List the prime factors of 5689888.
2, 269, 661
List the prime factors of 15833085.
3, 5, 23, 45893
What are the prime factors of 113767?
29, 3923
List the prime factors of 222072.
2, 3, 19, 487
List the prime factors of 199350.
2, 3, 5, 443
List the prime factors of 164122.
2, 7, 19, 617
What are the prime factors of 240131?
240131
List the prime factors of 910074.
2, 3, 11, 13789
What are the prime factors of 46441?
46441
List the prime factors of 466217.
127, 3671
List the prime factors of 13837869.
3, 41, 37501
What are the prime factors of 1666918?
2, 11, 17, 4457
List the prime factors of 476615.
5, 19, 29, 173
What are the prime factors of 309540?
2, 3, 5, 7, 11, 67
List the prime factors of 21692035.
5, 4338407
What are the prime factors of 842809?
11, 17, 4507
What are the prime factors of 1078439?
37, 29147
What are the prime factors of 462192?
2, 3, 9629
List the prime factors of 3872758.
2, 107, 18097
List the prime factors of 1056077.
11, 19, 31, 163
List the prime factors of 6555464.
2, 53, 15461
What are the prime factors of 1258548?
2, 3, 104879
What are the prime factors of 203910?
2, 3, 5, 7, 971
List the prime factors of 425317.
425317
What are the prime factors of 4597710?
2, 3, 5, 13, 11789
What are the prime factors of 609307?
609307
What are the prime factors of 687812?
2, 373, 461
List the prime factors of 2379073.
29, 82037
What are the prime factors of 415503?
3, 11, 1399
List the prime factors of 161365.
5, 59, 547
List the prime factors of 1075232.
2, 33601
What are the prime factors of 8757566?
2, 71, 61673
What are the prime factors of 67052?
2, 16763
What are the prime factors of 504681?
3, 168227
What are the prime factors of 17928845?
5, 11, 23, 14173
List the prime factors of 167348.
2, 17, 23, 107
List the prime factors of 5381955.
3, 5, 199, 601
What are the prime factors of 322932?
2, 3, 17, 1583
What are the prime factors of 7764772?
2, 1941193
What are the prime factors of 1722723?
3, 23, 24967
List the prime factors of 3351759.
3, 1117253
What are the prime factors of 1336317?
3, 31, 14369
List the prime factors of 3244430.